e remainder when 2168431 is divided by 479?
477
What is the remainder when 5351 is divided by 598?
567
What is the remainder when 23108 is divided by 188?
172
Calculate the remainder when 2508 is divided by 234.
168
Calculate the remainder when 46439 is divided by 183.
140
Calculate the remainder when 1033 is divided by 186.
103
Calculate the remainder when 2847 is divided by 1423.
1
Calculate the remainder when 107698 is divided by 14.
10
Calculate the remainder when 54758 is divided by 74.
72
Calculate the remainder when 19443 is divided by 1215.
3
Calculate the remainder when 9355 is divided by 2323.
63
Calculate the remainder when 620 is divided by 301.
18
Calculate the remainder when 15745 is divided by 68.
37
What is the remainder when 7984 is divided by 95?
4
What is the remainder when 401501 is divided by 7721?
9
Calculate the remainder when 34243 is divided by 34239.
4
Calculate the remainder when 79595 is divided by 2567.
18
Calculate the remainder when 76924 is divided by 368.
12
Calculate the remainder when 35665 is divided by 25.
15
What is the remainder when 50383 is divided by 4159?
475
Calculate the remainder when 11013 is divided by 443.
381
Calculate the remainder when 397414 is divided by 1219.
20
Calculate the remainder when 205276 is divided by 71.
15
What is the remainder when 55355 is divided by 728?
27
What is the remainder when 3582 is divided by 960?
702
What is the remainder when 2341 is divided by 25?
16
What is the remainder when 3388 is divided by 51?
22
Calculate the remainder when 52535 is divided by 339.
329
What is the remainder when 1275286 is divided by 8?
6
Calculate the remainder when 3193 is divided by 981.
250
What is the remainder when 12928 is divided by 1016?
736
Calculate the remainder when 1779 is divided by 619.
541
What is the remainder when 99221 is divided by 152?
117
What is the remainder when 65793 is divided by 94?
87
Calculate the remainder when 274181 is divided by 91.
89
Calculate the remainder when 27943 is divided by 1034.
25
Calculate the remainder when 261007 is divided by 88.
87
What is the remainder when 16531 is divided by 39?
34
Calculate the remainder when 355652 is divided by 18.
8
Calculate the remainder when 2464683 is divided by 21.
18
Calculate the remainder when 561591 is divided by 329.
317
Calculate the remainder when 11960 is divided by 79.
31
Calculate the remainder when 112 is divided by 96.
16
What is the remainder when 73727 is divided by 52?
43
What is the remainder when 15717 is divided by 7710?
297
What is the remainder when 2060 is divided by 87?
59
What is the remainder when 4614 is divided by 1537?
3
What is the remainder when 3677471 is divided by 452?
451
Calculate the remainder when 25874 is divided by 930.
764
What is the remainder when 1803 is divided by 116?
63
What is the remainder when 9888 is divided by 4939?
10
What is the remainder when 9760 is divided by 72?
40
What is the remainder when 4048 is divided by 782?
138
What is the remainder when 9082 is divided by 4541?
0
Calculate the remainder when 104776 is divided by 708.
700
What is the remainder when 162355 is divided by 37?
36
What is the remainder when 83114 is divided by 20776?
10
What is the remainder when 43901 is divided by 58?
53
Calculate the remainder when 1878 is divided by 1773.
105
Calculate the remainder when 152058 is divided by 116.
98
Calculate the remainder when 1458 is divided by 560.
338
Calculate the remainder when 235693 is divided by 98.
3
What is the remainder when 24935 is divided by 258?
167
What is the remainder when 23491 is divided by 7830?
1
Calculate the remainder when 48436 is divided by 1468.
1460
Calculate the remainder when 750 is divided by 539.
211
Calculate the remainder when 9953 is divided by 603.
305
What is the remainder when 12832 is divided by 758?
704
What is the remainder when 8619 is divided by 87?
6
Calculate the remainder when 8554 is divided by 48.
10
What is the remainder when 30481 is divided by 193?
180
Calculate the remainder when 3664 is divided by 107.
26
Calculate the remainder when 61574 is divided by 48.
38
What is the remainder when 2660 is divided by 79?
53
Calculate the remainder when 52856 is divided by 224.
216
Calculate the remainder when 121929 is divided by 18.
15
Calculate the remainder when 565 is divided by 54.
25
What is the remainder when 1936626 is divided by 539?
538
Calculate the remainder when 41798 is divided by 116.
38
What is the remainder when 2468174 is divided by 92?
90
What is the remainder when 415389 is divided by 96?
93
Calculate the remainder when 2198 is divided by 900.
398
What is the remainder when 243138 is divided by 99?
93
Calculate the remainder when 13159 is divided by 106.
15
Calculate the remainder when 509274 is divided by 16.
10
What is the remainder when 14028 is divided by 6953?
122
Calculate the remainder when 394739 is divided by 430.
429
Calculate the remainder when 9570 is divided by 4.
2
What is the remainder when 1449778 is divided by 438?
436
Calculate the remainder when 3567410 is divided by 289.
283
What is the remainder when 3105 is divided by 388?
1
What is the remainder when 149119 is divided by 48?
31
What is the remainder when 6672 is divided by 520?
432
Calculate the remainder when 588 is divided by 225.
138
Calculate the remainder when 954183 is divided by 78.
9
Calculate the remainder when 501939 is divided by 969.
966
Calculate the remainder when 9842 is divided by 4864.
114
What is the remainder when 793 is divided by 754?
39
Calculate the remainder when 119375 is divided by 18.
17
What is the remainder when 15105 is divided by 15007?
98
Calculate the remainder when 2129 is divided by 161.
36
What is the remainder when 20331 is divided by 5081?
7
Calculate the remainder when 11499 is divided by 344.
147
Calculate the remainder when 424 is divided by 25.
24
Calculate the remainder when 146201 is divided by 81.
77
What is the remainder when 2415168 is divided by 373?
366
Calculate the remainder when 1819 is divided by 1271.
548
What is the remainder when 874 is divided by 358?
158
Calculate the remainder when 622 is divided by 163.
133
Calculate the remainder when 2177 is divided by 2168.
9
Calculate the remainder when 65605 is divided by 115.
55
What is the remainder when 3043 is divided by 343?
299
What is the remainder when 19214 is divided by 19193?
21
Calculate the remainder when 23672 is divided by 1392.
8
Calculate the remainder when 1865 is divided by 270.
245
Calculate the remainder when 210696 is divided by 70.
66
What is the remainder when 3342 is divided by 163?
82
Calculate the remainder when 16031 is divided by 5248.
287
What is the remainder when 18158 is divided by 3601?
153
What is the remainder when 2720 is divided by 849?
173
Calculate the remainder when 1533 is divided by 762.
9
What is the remainder when 14675 is divided by 7?
3
Calculate the remainder when 47962 is divided by 15982.
16
What is the remainder when 1093 is divided by 278?
259
What is the remainder when 122902 is divided by 305?
292
What is the remainder when 4628 is divided by 153?
38
What is the remainder when 636222 is divided by 39?
15
Calculate the remainder when 9219 is divided by 159.
156
Calculate the remainder when 5576 is divided by 33.
32
What is the remainder when 130120 is divided by 32522?
32
What is the remainder when 30649 is divided by 15119?
411
What is the remainder when 9216 is divided by 9?
0
Calculate the remainder when 2023 is divided by 178.
65
Calculate the remainder when 88736 is divided by 34.
30
What is the remainder when 304643 is divided by 558?
533
Calculate the remainder when 44394 is divided by 17.
7
What is the remainder when 2253 is divided by 1131?
1122
Calculate the remainder when 21289 is divided by 3040.
9
What is the remainder when 40446 is divided by 337?
6
What is the remainder when 80 is divided by 57?
23
What is the remainder when 50399 is divided by 16794?
17
Calculate the remainder when 35014 is divided by 12.
10
What is the remainder when 2795 is divided by 557?
10
Calculate the remainder when 52168 is divided by 30.
28
What is the remainder when 106448 is divided by 8?
0
What is the remainder when 15286 is divided by 1385?
51
What is the remainder